{"id":10,"date":"2025-04-14T05:43:48","date_gmt":"2025-04-14T05:43:48","guid":{"rendered":"https:\/\/fethiyeescort.hungriahiphop.com.br\/?page_id=10"},"modified":"2025-04-14T05:43:48","modified_gmt":"2025-04-14T05:43:48","slug":"fethiye-escort","status":"publish","type":"page","link":"https:\/\/fethiyeescort.hungriahiphop.com.br\/","title":{"rendered":"Fethiye Escort"},"content":{"rendered":"<p><a href=\"https:\/\/www.escburda.com\">Fethiye Escort<\/a> Elnara ile unutulmaz ve k\u00f6sn\u00fc dolu gecelerin tad\u0131n\u0131 \u00e7\u0131karmaya haz\u0131r m\u0131s\u0131n\u0131z? Bilhassa gen\u00e7 bekar erkekler i\u00e7in hususi olarak tasarlanm\u0131\u015f bu blog yaz\u0131s\u0131, T\u00fcrkiye\u2019nin Fethiye \u015fehrindeki en arzulu ve keyifli escort hizmetleri hakk\u0131nda informasyon edinmenize destek olacak.<\/p>\n<p>Bekarl\u0131k periyodu, co\u015fku verici deneyimleri ya\u015fama ve kendini ke\u015ffetme f\u0131rsat\u0131 sunan bir zamand\u0131r. \u0130\u015fte tam da bu a\u015famada, Fethiye Escort Elnara devreye giriyor. \u015eehirdeki en pop\u00fcler eskortlardan kabul edilen Elnara, size unutulmaz anlam\u0131\u015f olur ve \u015fehvetli deneyimler sunmak i\u00e7in burada.<\/p>\n<p>Elnara ile ge\u00e7irece\u011finiz zaman\u0131 unutulmaz k\u0131lan \u015fey, onun zarif ve \u00e7ekici ki\u015fili\u011fiyle beraber sunmu\u015f oldu\u011fu hizmetlerdir. VIP eskort hizmetleriyle tan\u0131\u015facak, \u015fehvetli gecelerde partneriniz olarak e\u015fi olmayan bir edinim ya\u015fayacaks\u0131n\u0131z. Elnara, size yaln\u0131z fizyolojik doyum de\u011fil, bununla beraber e\u011flence, s\u00f6yle\u015fi ve zevk dolu bir ortam sunmay\u0131 hedefliyor.<\/p>\n<p>Gizlilik ve g\u00fcvenlik, Elnara ve ekibinin en b\u00fcy\u00fck \u00f6nceli\u011fidir. Herhangi bir ki\u015fisel bilginiz payla\u015f\u0131lmadan, gizlilik i\u00e7inde randevular\u0131n\u0131z\u0131 ger\u00e7ekle\u015ftirebilirsiniz. Bu sayede, rahat\u00e7a tutkulu saatlerin tad\u0131n\u0131 \u00e7\u0131karabilir ve hayallerinizi ger\u00e7e\u011fe d\u00f6n\u00fc\u015ft\u00fcrebilirsiniz.<\/p>\n<p>Fethiye Escort Elnara ile bulu\u015fma almak i\u00e7in kontakt bilgilerini kullanabilirsiniz. Size hususi olarak sunulan eskort numaras\u0131n\u0131 arayarak yada kontakt formunu doldurarak kolayca bulu\u015fma talebinde bulunabilirsiniz. G\u00f6r\u00fc\u015fme bilgileri ve \u00f6teki mevzular hakk\u0131nda daha \u00e7ok informasyon almak i\u00e7in kontakt yay\u0131nlar\u0131n\u0131 kullanmaktan \u00e7ekinmeyin.<\/p>\n<p>Haz\u0131r m\u0131s\u0131n\u0131z? Fethiye\u2019da unutulmaz bir edinim i\u00e7in \u015fehvetli gecelerin vazge\u00e7ilmezi olan Fethiye Escort Elnara ile derhal ileti\u015fime ge\u00e7in!<\/p>\n<h2>Fethiye Escort Elnara: K\u00f6sn\u00fc Dolu Gecelerin Vazge\u00e7ilmezi<\/h2>\n<p>Fethiye Escort Elnara, k\u00f6sn\u00fc dolu gecelerin olmazsa olmaz ismi olarak kar\u015f\u0131m\u0131za \u00e7\u0131k\u0131yor. Fethiye\u2019da unutulmaz deneyimler ya\u015famak isteyen beyler i\u00e7in muhte\u015fem bir se\u00e7enek olan Elnara, ustala\u015fm\u0131\u015f hizmet anlay\u0131\u015f\u0131yla dikkatleri \u00fcst\u00fcne \u00e7ekiyor.<\/p>\n<p>Fethiye eskort aray\u0131\u015f\u0131nda olanlar, Elnara\u2019in albenisine ve e\u015fi olmayan kabiliyetlerine fanatik kalacaklar. Onunle ge\u00e7irece\u011finiz zaman\u0131 unutulmaz k\u0131lmak i\u00e7in her detay d\u00fc\u015f\u00fcn\u00fclm\u00fc\u015ft\u00fcr. Elnara, hem fizyolojik g\u00fczelli\u011fi hem de zarif ki\u015fili\u011fi ile adeta bir r\u00fcya benzer bi\u00e7imde kar\u015f\u0131n\u0131za \u00e7\u0131kacak.<\/p>\n<p>Fethiye bayan eskort Elnara ile ge\u00e7irece\u011finiz k\u00f6sn\u00fc dolu gecelerde d\u00fc\u015flem d\u00fcnyas\u0131n\u0131n kap\u0131lar\u0131n\u0131 aralayabilirsiniz. \u0130ster duygusal bir ak\u015fam yeme\u011fi e\u015fli\u011finde ister s\u0131n\u0131rs\u0131z bir e\u011flenceyle dolu bir gece olsun, Elnara size en iyi \u015fekilde e\u015flik edecektir. Hususi talepleriniz ve istekleriniz do\u011frultusunda size hususi haz\u0131rlanacak olan bu edinim, sizin i\u00e7in unutulmaz bir hat\u0131ra olacak.<\/p>\n<p>Elnara eskort, sunmu\u015f oldu\u011fu VIP hizmetlerle de kendini \u00f6teki eskortlardan ay\u0131r\u0131yor. Size hususi bir partner olarak, yaln\u0131z fizyolojik de\u011fil, bununla beraber duygusal a\u00e7\u0131dan da doyum olman\u0131z\u0131 sa\u011flayacak bir edinim sunuyor. \u015eehvetli gecelerinizi renklendirmek ve hayallerinizi ger\u00e7e\u011fe d\u00f6n\u00fc\u015ft\u00fcrmek i\u00e7in Elnara ile tan\u0131\u015fmal\u0131s\u0131n\u0131z.<\/p>\n<p>Fethiye Escort Elnara, g\u00fcvenilirlik, gizlilik ve g\u00fcvenlik mevzular\u0131nda da \u00f6nceliklerini g\u00f6zeten bir hizmet sunmaktad\u0131r. Sizin ki\u015fisel bilgileriniz ve bulu\u015fma detaylar\u0131n\u0131z tamamen gizli sakl\u0131 tutulur. Bu sayede rahat\u00e7a Elnara ile ileti\u015fime ge\u00e7ebilir ve bulu\u015fma taleplerinizi iletebilirsiniz.<\/p>\n<p>Elnara ile unutulmaz bir gece harcamak isterseniz, onun kontakt bilgilerine kolayca ula\u015fabilirsiniz. Fethiye eskort numaras\u0131 \u00fcst\u00fcnden kendisiyle ileti\u015fime ge\u00e7erek g\u00f6r\u00fc\u015fme bilgileri hakk\u0131nda daha \u00e7ok informasyon alabilir ve randevunuzu planlayabilirsiniz.<\/p>\n<p>K\u00f6sn\u00fc dolu gecelerin olmazsa olmaz ismi Fethiye Escort Elnara, size e\u015fi olmayan bir edinim sunmak i\u00e7in bekliyor. Derhal ileti\u015fime ge\u00e7in ve unutulmaz zamanlar i\u00e7in haz\u0131rl\u0131klara ba\u015flay\u0131n.<\/p>\n<h2>Elnara ile Unutulmaz Zamanlar Ge\u00e7irin<\/h2>\n<p>Elnara ile Unutulmaz Zamanlar Ge\u00e7irin<\/p>\n<p>\u00c7o\u011fumuz hayat\u0131m\u0131zda unutulmaz an\u0131lar biriktirmek isteriz. \u0130\u015fte bu a\u015famada, Fethiye Escort Elnara devreye giriyor ve size VIP eskort hizmetleriyle unutulmaz bir edinim sunuyor. \u015eehvetli gecelerinize e\u015flik edecek olan Elnara, e\u011flence dolu bir s\u00fcre ge\u00e7irmenizi sa\u011flayacak.<\/p>\n<p>Elnara, yaln\u0131z g\u00fczel bir g\u00f6r\u00fcn\u00fcme haiz olmakla kalmaz, bununla beraber cana yak\u0131n ve keyifli bir partnerdir. Onunla beraber ge\u00e7irece\u011finiz \u015fehvetli gece, bunalt\u0131c\u0131 rutinlerden uzakla\u015fman\u0131z\u0131 ve kendinizi hususi hissetmenizi elde edecektir. Elnara\u2019in enerjisi ve pozitif ki\u015fili\u011fi, size keyifli anlar\u0131 g\u00fcvence ederken, unutulmaz bir edinim ya\u015faman\u0131z\u0131 da elde edecektir.<\/p>\n<p>Elnara ile ge\u00e7irece\u011finiz s\u00fcre, yaln\u0131z fizyolojik bir deneyimden daha fazlas\u0131n\u0131 sunar. O, sizinle duygusal olarak ba\u011f olu\u015fturmay\u0131 ve ger\u00e7ek bir ba\u011flant\u0131 olu\u015fturmay\u0131 ama\u00e7lar. Onunla s\u00f6yle\u015fi etmek, hayat\u0131n\u0131z\u0131n \u00f6teki y\u00f6nlerine dair derinlemesine d\u00fc\u015f\u00fcnceler payla\u015fman\u0131za olanak tan\u0131r. Bu \u015fekilde, unutulmaz bir deneyimin yan\u0131 s\u0131ra anlaml\u0131 bir ba\u011flant\u0131 da elde edersiniz.<\/p>\n<p>Elnara\u2019in hizmetleri, tek bir deneyimden oldukca daha fazlas\u0131n\u0131 sunar. Fantazilere olan ilgisi ve role play kabiliyetleriyle sizi \u015fa\u015f\u0131rtacak ve heyecanland\u0131racak. S\u0131n\u0131rlar\u0131 zorlamaktan korkmayan Elnara, size istedi\u011finiz deneyimi ya\u015fatmak i\u00e7in \u00f6zenle \u00e7al\u0131\u015f\u0131r. Onunla ge\u00e7irdi\u011finiz her an, e\u015fi olmayan bir halde tasarlanm\u0131\u015f ve sizin i\u00e7in hususi hale getirilmi\u015ftir.<\/p>\n<p>G\u00fcvenlik ve gizlilik, Elnara ile unutulmaz zamanlar ge\u00e7irmenin temel unsurlar\u0131d\u0131r. Elnara, sizinle payla\u015ft\u0131\u011f\u0131n\u0131z t\u00fcm ki\u015fisel detaylar\u0131 gizli sakl\u0131 mebla\u011f ve randevular\u0131n\u0131z\u0131n tamamen g\u00fcvenli olmas\u0131n\u0131 sa\u011flar. Gizlili\u011finize sayg\u0131 duyarak, size rahat ve g\u00fcvenli bir ortam sunar.<\/p>\n<p>Elnara ile bulu\u015fma almak i\u00e7in kontakt olu\u015fturmak oldukca kolayd\u0131r. Fethiye eskort numaras\u0131n\u0131 arayarak yada kontakt bilgilerini kullanarak bulu\u015fma talebinde bulunabilirsiniz. G\u00f6r\u00fc\u015fme bilgileri hakk\u0131nda daha \u00e7ok informasyon almak i\u00e7in ileti\u015fime ge\u00e7mekten \u00e7ekinmeyin.<\/p>\n<p>VIP eskort hizmetleri, \u015fehvetli geceler, keyifli partner ve unutulmaz deneyimler i\u00e7in Elnara ile ileti\u015fime ge\u00e7erek hayalinizdeki zaman\u0131 ya\u015fayabilirsiniz. Onunla ge\u00e7irece\u011finiz her an, sizi rahatlatacak, enerji verecek ve unutulmaz bir edinim sunacakt\u0131r. Derhal bug\u00fcn Elnara ile ileti\u015fime ge\u00e7in ve hayat\u0131n\u0131z\u0131 renklendirmeye ba\u015flay\u0131n.<\/p>\n<h2>Elnara\u2019in \u00d6zellikleri ve Hizmetleri<\/h2>\n<p>Fethiye eskort hizmetleri sunan Elnara, yaln\u0131z fizyolojik g\u00fczelli\u011fiyle de\u011fil bununla beraber \u00f6zellikleri ve benzersiz hizmetleriyle de dikkat \u00e7ekmektedir. Elnara, m\u00fc\u015fterilerine unutulmaz bir edinim ya\u015fatmak i\u00e7in geni\u015f bir yelpazede hizmetler sunmaktad\u0131r.<\/p>\n<p>Elnara\u2019in fizyolojik \u00f6zellikleri, onu \u00f6teki eskortlardan ay\u0131ran m\u00fchim bir fakt\u00f6rd\u00fcr. \u0130nce belli, dolgun g\u00f6\u011f\u00fcsleri ve kusursuz bir teniyle, Elnara hakkaten \u00e7arp\u0131c\u0131 bir g\u00f6r\u00fcn\u00fcme haizdir. Her an\u0131nda \u015f\u0131kl\u0131\u011f\u0131ndan ve zarafetinden taviz vermeden, her m\u00fc\u015fterisinin beklentilerini gidermek i\u00e7in kendisini \u00f6zenle haz\u0131rlar.<\/p>\n<p>Fantazi ve role play alan\u0131nda da uzmanla\u015fm\u0131\u015f olan Elnara, m\u00fc\u015fterilerinin hayallerini ger\u00e7e\u011fe d\u00f6n\u00fc\u015ft\u00fcrmek i\u00e7in elinden geleni yapar. Onunla beraber ge\u00e7irdi\u011finiz s\u00fcre, s\u0131n\u0131rlar\u0131 zorlayan deneyimler ya\u015fayabilirsiniz. Hususi kost\u00fcmleri ve rol yapma kabiliyeti yard\u0131m\u0131yla, tamamen de\u011fi\u015fik bir ki\u015fiye d\u00f6n\u00fc\u015febilir ve co\u015fku dolu bir oyunun i\u00e7inde bulabilirsiniz.<\/p>\n<p>Elnara, her m\u00fc\u015fterisinin talep ve gereksinimlerine ehemmiyet vermektedir. Ki\u015fiselle\u015ftirilmi\u015f hizmetleri yard\u0131m\u0131yla, her bulu\u015fma benzersiz ve hususi bir edinim sunmaktad\u0131r. M\u00fc\u015fterileriyle yak\u0131n bir ba\u011f olu\u015fturmak, onlar\u0131n isteklerini idrak etmek ve doyum etmek i\u00e7in \u00e7aba sarf eder. Elnara, devaml\u0131 m\u00fc\u015fterilerinin rahatl\u0131\u011f\u0131n\u0131 ve mutlulu\u011funu \u00f6n planda mebla\u011f.<\/p>\n<p>Fantazi ve role play haricinde, Elnara bununla beraber duygusal ak\u015fam yiyecekleri, toplumsal etkinlikler yada i\u015f toplant\u0131lar\u0131 benzer bi\u00e7imde \u00e7e\u015fitli etkinlikler i\u00e7in de muhte\u015fem bir e\u015flik\u00e7idir. Onun \u015f\u0131k ve zarif tarz\u0131yla, size en iyi \u015fekilde e\u015flik edecektir.<\/p>\n<p>Elnara\u2019in en m\u00fchim \u00f6nceliklerinden biri gizlilik ve g\u00fcvenliktir. Her m\u00fc\u015fterisinin ki\u015fisel bilgilerini koruma alt\u0131na alarak, g\u00fcvenilir bir hizmet sunmay\u0131 taahh\u00fct eder. Gizlilik mevzusundaki hassasiyeti yard\u0131m\u0131yla, m\u00fc\u015fterileri kendilerini rahat hissedebilir ve itimat i\u00e7inde deneyimlerinin tad\u0131n\u0131 \u00e7\u0131karabilirler.<\/p>\n<p>Fethiye eskort Elnara, fizyolojik \u00f6zellikleri, fantazi ve role play hizmetleri ile m\u00fc\u015fterilerine unutulmaz bir edinim sunuyor. Ki\u015fiselle\u015ftirilmi\u015f hizmeti ve gizlilik odakl\u0131 yakla\u015f\u0131m\u0131yla, beklentilerinizi gidermek i\u00e7in en iyisini yapmaktan asla vazge\u00e7miyor. Elnara ile ge\u00e7irece\u011finiz s\u00fcre, k\u00f6sn\u00fc dolu bir ser\u00fcvene d\u00f6n\u00fc\u015fecektir.<\/p>\n<h2>Gizlilik ve G\u00fcvenlik \u00d6nceli\u011fimiz<\/h2>\n<p>Gizlilik ve g\u00fcvenlik, Fethiye Escort Elnara olarak bizim \u00f6nceli\u011fimizdir. M\u00fc\u015fterilerimize en y\u00fcksek kalitede hizmet sunarken, bununla beraber g\u00fcvenli bir ortam sa\u011flamak da bizim sorumlulu\u011fumuzdur. Size rahat ve g\u00fcvende hissettirecek bir edinim ya\u015fatmak i\u00e7in l\u00fczumlu t\u00fcm \u00f6nlemleri almaktay\u0131z.<\/p>\n<p>G\u00fcvenilir eskort hizmeti arayanlar i\u00e7in, m\u00fc\u015fterilerimizin ki\u015fisel bilgilerinin gizlili\u011fi bizim i\u00e7in son a\u015fama \u00f6nemlidir. T\u00fcm kontakt ve bulu\u015fma bilgileriniz kesinlikle gizli sakl\u0131 tutulur ve \u00fc\u00e7\u00fcnc\u00fc \u015fah\u0131slarla payla\u015f\u0131lmaz. Size kar\u015f\u0131 olan sayg\u0131m\u0131z ve gizlilik politikalar\u0131m\u0131z, itimat duyman\u0131z\u0131 sa\u011flamak i\u00e7in titizlikle uygulan\u0131r.<\/p>\n<p>Bunun yan\u0131 s\u0131ra, g\u00fcvenlik mevzusunda da duyarl\u0131 davranmaktay\u0131z. Bulu\u015fma yerlerimizi titizlikle se\u00e7erken, gizlili\u011finizi koruman\u0131n yan\u0131 s\u0131ra g\u00fcvenli\u011finizi de \u00f6n planda tutar\u0131z. Herhangi bir risk durumunda, derhal m\u00fcdahale edilmesi i\u00e7in ihtiya\u00e7 duyulan \u00f6nlemler al\u0131n\u0131r.<\/p>\n<p>M\u00fc\u015fterilerimizin g\u00fcvenli\u011fini sa\u011flamak ad\u0131na her t\u00fcrl\u00fc tedbiri ald\u0131\u011f\u0131m\u0131z\u0131 belirtmek isteriz. Bir tek size keyifli bir edinim sunmakla kalmay\u0131p, bununla beraber g\u00fcvenli\u011finiz mevzusunda da profesyonelce hareket ederiz. Bu sayede, rahat bir halde s\u00fcre ge\u00e7irirken kendinizi g\u00fcvende hissedebilirsiniz.<\/p>\n<p>\u00d6zetlemek gerekirse, Fethiye Escort Elnara olarak gizlilik ve g\u00fcvenlik \u00f6nceli\u011fimizdir. G\u00fcvenilir eskort hizmeti sunarken, m\u00fc\u015fterilerimizin ki\u015fisel bilgilerini korumak ve g\u00fcvenli bir ortam sa\u011flamak i\u00e7in t\u00fcm \u00f6nlemleri al\u0131r\u0131z. Sizlere en iyi deneyimi sunarken, herhangi bir kayg\u0131 duymadan zaman\u0131n\u0131z\u0131n tad\u0131n\u0131 \u00e7\u0131karman\u0131z\u0131 sa\u011flamak bizim g\u00f6revimizdir.<\/p>\n<hr \/>\n<p><strong>Keywords<\/strong>: g\u00fcvenilir eskort, gizlilik, g\u00fcvenlik, ki\u015fisel informasyon<\/p>\n<h2>Bulu\u015fma \u0130\u00e7in Iyi mi \u0130leti\u015fim Kurabilirsiniz?<\/h2>\n<p>Bulu\u015fma \u0130\u00e7in Iyi mi \u0130leti\u015fim Kurabilirsiniz?<\/p>\n<p>Fethiye Escort Elnara ile unutulmaz bir edinim ya\u015famak i\u00e7in bulu\u015fma almak art\u0131k oldukca kolay! Siz de k\u00f6sn\u00fc dolu bir gece harcamak ve unutulmaz an\u0131lar biriktirmek isterseniz, derhal ileti\u015fime ge\u00e7ebilirsiniz.<\/p>\n<p>Bulu\u015fma talebinde bulunmak i\u00e7in Fethiye eskort numaras\u0131n\u0131 arayabilir yada kontakt bilgilerini kullanabilirsiniz. Elnara, m\u00fc\u015fterileriyle olan ileti\u015fimi olduk\u00e7a \u00f6nemsemekte ve size hususi bir edinim sunabilmek i\u00e7in t\u00fcm sorular\u0131n\u0131z\u0131 cevaplamaktan mutluluk duyacakt\u0131r.<\/p>\n<p>G\u00f6r\u00fc\u015fme bilgileri mevzusunda da sizinle ortakla\u015fa i\u015f meydana getirecek olan Elnara, hangi saatler i\u00e7inde uygun bulundu\u011funu size bildirecektir. Bulu\u015fma esnas\u0131nda bulu\u015fma yerini ve \u00f6teki organizasyon detaylar\u0131n\u0131 belirlemek i\u00e7in kontakt kurabilece\u011finiz benzer bi\u00e7imde, size en uygun se\u00e7enekleri sunacak ve t\u00fcm gereksinimlerinizi kar\u015f\u0131layacak \u015fekilde planlama yapman\u0131za destek olacakt\u0131r.<\/p>\n<p>Elnara\u2019in profesyonelli\u011fi ve gizlilik politikas\u0131 yard\u0131m\u0131yla t\u00fcm ki\u015fisel bilgileriniz koruma alt\u0131ndad\u0131r. Gizlilik ve g\u00fcvenlik en \u00f6ncelikli mevzular i\u00e7inde yer alm\u0131\u015ft\u0131r. Bundan dolay\u0131, t\u00fcm randevular gizli sakl\u0131 tutulur ve hi\u00e7bir ki\u015fisel informasyon \u00fc\u00e7\u00fcnc\u00fc \u015fah\u0131slarla payla\u015f\u0131lmaz.<\/p>\n<p>Unutulmaz bir edinim i\u00e7in Elnara ile bulu\u015fma almak olduk\u00e7a kolay ve g\u00fcvenlidir. Siz de k\u00f6sn\u00fc dolu gecelerin vazge\u00e7ilmezi olan Fethiye Escort Elnara ile ileti\u015fime ge\u00e7erek, unutulmaz an\u0131lar biriktirebilirsiniz.<\/p>\n<p>Derhal \u015fimdi Fethiye eskort numaras\u0131n\u0131 aray\u0131n yada kontakt bilgilerini kullanarak randevunuzu talep edin. Elnara, sizinle tan\u0131\u015fmay\u0131 ve sizi k\u00f6sn\u00fc dolu bir geceye \u00e7a\u011fr\u0131 etmeyi sab\u0131rs\u0131zl\u0131kla bekliyor!<\/p>\n<p>Fethiye Escort Elnara: S\u0131cak Bir Geceye Ad\u0131m At\u0131n<\/p>\n<p>Fethiye Escort Elnara ile k\u00f6sn\u00fc dolu gecelerin tad\u0131n\u0131 \u00e7\u0131karmaya haz\u0131r m\u0131s\u0131n\u0131z? Bu yaz\u0131da sizlere Elnara\u2019in e\u015fi olmayan hizmetlerini ve unutulmaz deneyimlerini anlatt\u0131k. Elnara, VIP eskort olarak size hususi zamanlar sunmak i\u00e7in burada.<\/p>\n<p>Elnara ile ge\u00e7irece\u011finiz zamanlarda yaln\u0131z fizyolojik bir edinim de\u011fil, bununla beraber keyifli ve s\u0131cak bir ili\u015fki ya\u015fayacaks\u0131n\u0131z. Fantazi ya\u015fam\u0131na dalabilir, role play oyunlar\u0131yla de\u011fi\u015fik heyecanlar ke\u015ffedebilirsiniz.<\/p>\n<p>G\u00fcvenlik ve gizlilik mevzular\u0131nda da endi\u015felenmenize gerek yok. Elnara, sizin memnuniyetiniz ve rahat\u0131n\u0131z i\u00e7in ihtiya\u00e7 duyulan \u00f6nlemleri almaktad\u0131r. Ki\u015fisel bilgileriniz kesinlikle g\u00fcvende tutulacak ve herhangi bir \u00fc\u00e7\u00fcnc\u00fc ki\u015fi ile payla\u015f\u0131lmayacakt\u0131r.<\/p>\n<p>Bulu\u015fma taleplerinizi iletmek i\u00e7in derhal ileti\u015fime ge\u00e7ebilirsiniz. Fethiye eskort Elnara\u2019in kontakt bilgilerine yaz\u0131n\u0131n ilgili b\u00f6l\u00fcm\u00fcnden ula\u015fabilirsiniz. Co\u015fku verici bir geceye ad\u0131m atmak i\u00e7in daha \u00e7ok zaman kaybetmeyin!<\/p>\n<p>Ihmal etmeyin, Fethiye Escort Elnara ile ge\u00e7irece\u011finiz s\u00fcre unutulmaz olacak. S\u0131cak, \u015fehvetli ve keyifli bir geceye kendinizi b\u0131rak\u0131n. Elnara size bekliyor.<\/p>\n<h2><strong>Ana Sayfaya Git<\/strong><\/h2>\n<p><a href=\"https:\/\/www.escburda.com\">https:\/\/www.escburda.com<\/a><\/p>\n","protected":false},"excerpt":{"rendered":"<p>Fethiye Escort Elnara ile unutulmaz ve k\u00f6sn\u00fc dolu gecelerin tad\u0131n\u0131 \u00e7\u0131karmaya haz\u0131r m\u0131s\u0131n\u0131z? Bilhassa gen\u00e7 bekar erkekler i\u00e7in hususi olarak tasarlanm\u0131\u015f bu blog yaz\u0131s\u0131, T\u00fcrkiye\u2019nin Fethiye \u015fehrindeki en arzulu ve keyifli escort hizmetleri hakk\u0131nda informasyon edinmenize destek olacak. Bekarl\u0131k periyodu, co\u015fku verici deneyimleri ya\u015fama ve kendini ke\u015ffetme f\u0131rsat\u0131 sunan bir zamand\u0131r. \u0130\u015fte tam da bu &#8230; <a title=\"Fethiye Escort\" class=\"read-more\" href=\"https:\/\/fethiyeescort.hungriahiphop.com.br\/\" aria-label=\"Read more about Fethiye Escort\">Devam\u0131n\u0131 oku<\/a><\/p>\n","protected":false},"author":1,"featured_media":0,"parent":0,"menu_order":0,"comment_status":"closed","ping_status":"closed","template":"","meta":{"footnotes":""},"class_list":["post-10","page","type-page","status-publish"],"_links":{"self":[{"href":"https:\/\/fethiyeescort.hungriahiphop.com.br\/index.php\/wp-json\/wp\/v2\/pages\/10","targetHints":{"allow":["GET"]}}],"collection":[{"href":"https:\/\/fethiyeescort.hungriahiphop.com.br\/index.php\/wp-json\/wp\/v2\/pages"}],"about":[{"href":"https:\/\/fethiyeescort.hungriahiphop.com.br\/index.php\/wp-json\/wp\/v2\/types\/page"}],"author":[{"embeddable":true,"href":"https:\/\/fethiyeescort.hungriahiphop.com.br\/index.php\/wp-json\/wp\/v2\/users\/1"}],"replies":[{"embeddable":true,"href":"https:\/\/fethiyeescort.hungriahiphop.com.br\/index.php\/wp-json\/wp\/v2\/comments?post=10"}],"version-history":[{"count":1,"href":"https:\/\/fethiyeescort.hungriahiphop.com.br\/index.php\/wp-json\/wp\/v2\/pages\/10\/revisions"}],"predecessor-version":[{"id":11,"href":"https:\/\/fethiyeescort.hungriahiphop.com.br\/index.php\/wp-json\/wp\/v2\/pages\/10\/revisions\/11"}],"wp:attachment":[{"href":"https:\/\/fethiyeescort.hungriahiphop.com.br\/index.php\/wp-json\/wp\/v2\/media?parent=10"}],"curies":[{"name":"wp","href":"https:\/\/api.w.org\/{rel}","templated":true}]}}